3 + n - 12. What is c(0)?
-12
Let u(g) = g**2 - 12*g + 26. Determine u(12).
26
Let v(d) = -d**2 + 6*d + 4. What is v(8)?
-12
Let s(m) = 4*m - 26. Calculate s(9).
10
Let b(p) = p**3 + 8*p**2 + 2*p - 27. Calculate b(-7).
8
Let a(c) = 9*c - 9. Calculate a(12).
99
Let q(p) = 4*p. Calculate q(3).
12
Let t(n) = -2*n**2 - 17*n - 9. What is t(-8)?
-1
Let m(g) = -3*g + 2. Give m(8).
-22
Let p(j) = j**2 + 4*j - 35. What is p(-8)?
-3
Let c(p) = 2*p**2 + 18*p + 13. What is c(-8)?
-3
Let h(a) = 3*a**3. What is h(-1)?
-3
Let b(p) = 6*p + 195. What is b(-33)?
-3
Let i(t) = t**3 + 7*t**2 - 3*t - 30. Calculate i(-7).
-9
Let a(v) = -v - 5. What is a(-8)?
3
Let i(l) = 20*l + 1055. Calculate i(-53).
-5
Let c(i) = i**3 + 13*i**2 - 2*i - 19. What is c(-13)?
7
Let r(f) = 6*f**3 + f**2 - f - 4. Give r(2).
46
Let x(g) = -g + 34. Determine x(7).
27
Let v(a) = a**3 + 5*a**2 - 31*a - 28. Determine v(-8).
28
Let q(d) = 5*d**3 - d**2 - 3*d - 2. Calculate q(-2).
-40
Let x(i) = 2*i**2 - 31*i - 15. Determine x(16).
1
Let h(y) = 16*y - 146. Calculate h(5).
-66
Let n(q) = -q**2 + 2*q + 16. Calculate n(6).
-8
Let j(d) = 2*d**2 + 16*d - 8. Determine j(8).
248
Let m(z) = 11*z + 9. Calculate m(-3).
-24
Let q(a) = 3*a - 6. Determine q(3).
3
Let v(j) = 2*j**2 - 26*j - 16. What is v(11)?
-60
Let s(w) = 5*w + 31. Determine s(-14).
-39
Let c(v) = -v**2 - 6*v + 39. Calculate c(-9).
12
Let i(z) = -2*z. Determine i(4).
-8
Let t(s) = 25*s - 407. Give t(17).
18
Let i(p) = 2*p**2 + 18*p - 26. Determine i(-10).
-6
Let n(h) = -2*h**3 - 14*h**2 + 12*h - 18. Give n(-8).
14
Let i(a) = a**3 - 35*a**2 + 38*a - 116. Calculate i(34).
20
Let o(c) = -c**3 - 14*c**2 - 38*c + 18. What is o(-10)?
-2
Let j(h) = h**3 - 7*h**2 - 15. Determine j(7).
-15
Let o(z) = -2*z**2 - 46*z + 3. What is o(-23)?
3
Let x(r) = 20*r**2 + r. What is x(1)?
21
Let f(j) = -j**2 - j + 16. Determine f(4).
-4
Let r(z) = -2*z**2 + 15*z - 32. Give r(2).
-10
Let c(v) = v**2 + 8*v + 6. Calculate c(-5).
-9
Let s(y) = y**2 - 5*y - 9. What is s(6)?
-3
Let o(j) = 2*j - 114. Determine o(45).
-24
Let a(g) = -20*g - 154. Calculate a(-8).
6
Let d(c) = -c**3 + 6*c**2 + 6*c - 3. Give d(6).
33
Let h(t) = t**3 + 5*t**2 - 2*t - 2. Determine h(-3).
22
Let o(d) = 17*d**2 + 3*d - 5. Determine o(2).
69
Let a(b) = 7*b + 43. Determine a(-7).
-6
Let o(y) = -2*y + 15. What is o(7)?
1
Let i(c) = c**3 - 6*c**2 - 10*c + 38. Give i(6).
-22
Let b(z) = z**2 - z + 8. Determine b(3).
14
Let b(i) = 3*i**2 - 4*i + 4. What is b(3)?
19
Let a(m) = 2*m**3 - 4*m**2 + 5*m - 6. What is a(2)?
4
Let t(r) = -r**3 - 8*r**2 - 21*r - 27. What is t(-4)?
-7
Let k(q) = -q**3 + 9*q**2 - 3*q - 6. Calculate k(8).
34
Let o(b) = b**2 + 18*b + 2. Determine o(-17).
-15
Let t(s) = s**3 + s**2 - s - 20. Give t(0).
-20
Let l(p) = p**2 + 7*p - 11. Give l(-6).
-17
Let u(w) = w**2 + 3*w - 31. What is u(5)?
9
Let a(n) = -11*n + 415. What is a(36)?
19
Let p(f) = f**2 + 7*f. Calculate p(-5).
-10
Let s(k) = -10*k - 26. What is s(-9)?
64
Let p(j) = j**3 - 7*j**2 + 2*j - 10. Calculate p(7).
4
Let a(m) = 5*m - 1. Give a(-2).
-11
Let u(w) = -12*w**3 + w**2 - w - 1. Give u(1).
-13
Let x(m) = -3*m - 98. What is x(-32)?
-2
Let i(o) = -o**2 - 13*o + 31. Determine i(-15).
1
Let d(v) = -v**3 - 5*v**2 - 2*v - 6. What is d(-4)?
-14
Let m(w) = -8*w - 90. Calculate m(-11).
-2
Let u(m) = -m**3 - 21*m**2 + m + 27. What is u(-21)?
6
Let j(u) = 9*u**2 + 4*u - 4. Determine j(1).
9
Let z(t) = -2*t**2 + 17*t - 8. Calculate z(11).
-63
Let m(t) = -t**2 - 4*t + 9. Calculate m(-6).
-3
Let j(o) = o**3 + 12*o**2 - 190*o + 4. What is j(9)?
-5
Let m(f) = 2*f**2 - 8*f + 5. Calculate m(4).
5
Let y(a) = -a**3 + 17*a**2 - 30*a - 11. What is y(15)?
-11
Let t(y) = y**3 - 2*y**2 - 2*y + 4. Give t(4).
28
Let l(x) = x**3 + 10*x**2 + 9*x + 8. Give l(-9).
8
Let f(l) = 2*l - 2. Calculate f(3).
4
Let d(a) = -a**3 - 14*a**2 - 13*a + 9. Determine d(-13).
9
Let i(z) = -z**3 - 5*z**2 + 3*z + 7. Determine i(-5).
-8
Let a(t) = 8*t + 5. Calculate a(4).
37
Let w(r) = r**2 + 20*r - 88. Give w(4).
8
Let j(l) = -93*l**2 + l + 1. Calculate j(-1).
-93
Let g(f) = 2*f**3 + 5*f**2 - 4*f - 7. Calculate g(-4).
-39
Let y(z) = -z**3 - 5*z**2 + 7*z + 3. Determine y(-6).
-3
Let s(m) = m**3 - 6*m**2 + 4*m - 6. What is s(5)?
-11
Let a(l) = -17*l + 215. Give a(13).
-6
Let s(t) = -3*t + 53. Give s(19).
-4
Let g(j) = j**3 + 6*j**2 + 5*j - 3. What is g(-4)?
9
Let z(l) = -l**3 + 8*l**2 + 2*l - 10. Calculate z(8).
6
Let q(r) = 8*r + 17. Give q(4).
49
Let v(t) = 2*t - 16. Determine v(4).
-8
Let w(s) = s**3 - 6*s**2 + 3*s - 4. What is w(6)?
14
Let n(x) = -x**3 - 18*x**2 - x - 26. What is n(-18)?
-8
Let z(u) = -u**3 - 9*u**2 - 7*u. What is z(-8)?
-8
Let b(d) = 8*d - 17. What is b(2)?
-1
Let v(o) = 2*o - 5. Give v(-8).
-21
Let n(z) = -4*z**2 + 10*z - 2. Calculate n(2).
2
Let a(g) = -11*g**3 - 2*g**2 + g. Give a(1).
-12
Let t(v) = 2*v - 12. Determine t(0).
-12
Let l(r) = -40*r - 78. Calculate l(-2).
2
Let f(q) = -q**2 - 11*q. Determine f(-11).
0
Let t(o) = 6*o - 31. What is t(5)?
-1
Let l(m) = -m**2 + 17*m - 14. Calculate l(17).
-14
Let j(n) = -183*n + 1459. What is j(8)?
-5
Let r(v) = -v**3 + 4*v**2 - 3*v. Calculate r(2).
2
Let z(r) = -r**2 + 11*r - 19. Determine z(8).
5
Let u(t) = -t**2 - 4*t - 9. Calculate u(-3).
-6
Let q(a) = 7*a**3 + a**2 - 9*a + 7. Give q(1).
6
Let w(x) = -3*x + 4. Give w(12).
-32
Let k(i) = 5*i - 68. Calculate k(21).
37
Let g(z) = z**2 - 7*z + 20. Give g(6).
14
Let u(o) = 20*o + 6. Give u(2).
46
Let q(h) = -29*h + 286. Determine q(10).
-4
Let r(y) = 2*y**3 - 2*y**2 - 2*y + 2. Calculate r(2).
6
Let r(f) = 2*f**2 + 11*f - 9. What is r(-7)?
12
Let a(h) = h**3 + 6*h**2 - 15*h + 7. Calculate a(-8).
-1
Let a(o) = o**3 - 14*o**2 + 13*o + 2. What is a(13)?
2
Let a(x) = 2*x**2 + 83*x - 310. Determine a(-45).
5
Let g(t) = -4*t**2 + 32*t - 3. Calculate g(8).
-3
Let g(d) = 12*d**2 - d + 2. Give g(1).
13
Let h(u) = 8*u**2 + 6*u + 8. Calculate h(-2).
28
Let t(u) = u**3 - 17*u**2 + 40*u + 39. Determine t(14).
11
Let s(f) = 142*f + 1. Calculate s(1).
143
Let a(x) = -x**2 - 10*x - 18. What is a(-9)?
-9
Let x(v) = 3*v - 4. Determine x(8).
20
Let m(s) = 5*s**2 + 4*s - 6. What is m(-4)?
58
Let l(d) = 3*d - 57. Calculate l(18).
-3
Let u(a) = -3*a + 6. Determine u(3).
-3
Let w(q) = q**2 + 6*q + 1. Calculate w(-7).
8
Let i(j) = -j**3 + j**2 - 3*j - 120. Give i(0).
-120
Let l(b) = -92*b**3 + b**2 + b + 1. What is l(-1)?
93
Let u(g) = -3*g - 7. Determine u(15).
-52
Let l(i) = -i**2 + 3*i - 1. What is l(4)?
-5
Let i(l) = l**2 + 13*l - 67. Calculate i(-18).
23
Let p(l) = -55*l**3 + 2*l**2 + 10*l + 10. Calculate p(-1).
57
Let b(f) = -f - 55. What is b(-22)?
-33
Let k(d) = -15*d**2 - 4*d + 3. Determine k(2).
-65
Let h(v) = v**2 + 6*v - 8. What is h(-9)?
19
Let u(s) = s**2 + 8*s + 22. Give u(-4).
6
Let z(t) = -t**3 + 17*t**2 - 4*t + 24. Calculate z(17).
-44
Let x(t) = -t + 12. What is x(16)?
-4
Let d(r) = 2*r - 57. Calculate d(23).
-11
Let u(i) = -132*i**3 - i**2 - 3*i - 1. Give u(-1).
133
Let x(m) = -4*m**2 - 4*m + 3. Give x(3).
-45
Let r(z) = -z - 3. What is r(-7)?
4
Let a(n) = n**2 + 5*n - 128. Give a(-14).
-2
Let n(c) = c**3 - 2*c**2 - 4*c - 16. Calculate n(4).
0
Let x(m) = 2*m**2 - 97*m - 589. Give x(54).
5
Let n(q) = 5*q + 59. Determine n(-10).
9
Let y(n) = -n**3 - 3*n**2 + 2*n + 5. What is y(-3)?
-1
Let x(d) = -d**2 + 4*d + 24. Give x(7).
3
Let c(o) = -o**3 - 7*o**2 - 10*o - 4. What is c(-5)?
-4
Let f(w) = -w**2 + 8*w - 16. Give f(7).
-9
Let o(k) = -2*k**2 + 7*k - 6. Determine o(4).
-10
Let y(b) = -b**3 - 5*b**2 - 6*b - 6. Calculate y(-4).
2
Let u(l) = l**2 + 7*l + 5. Give u(-7).
5
Let k(d) = 17*d - 265. Give k(17).
24
Let f(b) = -19*b - 22. What is f(-1)?
-3
Let o(g) = -g**3 + 2*g**2 + 9*g + 6. Calculate o(-3).
24
Let m(l) = 7*l**3 - l**2 - 2*l - 1. Determine m(-1).
-7
Let r(t) = -55*t - 226. Give r(-4).
-6
Let t(l) = 2*l + 4. Give t(-5).
-6
Let o(a) = -a**2 - 23*a + 60. Determine o(-25).
10
Let h(j) = -j**3 + 10*j**2 - 8*j + 2. Calculate h(9).
11
Let n(z) = -2*z**2 + 3*z - 5. Give n(4).
-25
Let h(t) = -2*t**2 - 5*t + 9. Give h(4).
-43
Let m(b) = -b - 45. Determine m(-17).
-28
Let t(n) = 61*n**3 - n**2 - 2*n - 1. Give t(-1).
-61
Let l(v) = -v**3 + 2*v - 2. Calculate l(3).
-23
Let k(m) = -m**3 + 6*m**2 - 9*m + 3. Give k(4).
-1
Let n(w) = -w**3 - w**2 + 27*w + 39. Give 